54?
18
Let v = 7 - 3. Suppose 2*i - 5*p - 349 = -v*p, -4*p - 868 = -5*i. What is the greatest common factor of i and 16?
16
Suppose 5*h - 4*z + 3*z = 23, 5*h - 4*z - 17 = 0. Suppose 2*o = 3*o + h, -495 = -4*f + 3*o. What is the greatest common factor of 12 and f?
12
Let i(g) = -7*g**2 + 0*g**3 + 6*g**2 + 2*g**3 + g - g**3 + 42. Let w be i(0). What is the highest common factor of 14 and w?
14
Let w = -175 - -242. What is the highest common divisor of 134 and w?
67
Suppose -2*w = 2 - 10. Let y be ((-96)/((-48)/4))/((-2)/(-5)). Calculate the highest common divisor of w and y.
4
Let q(f) = f**3 + 13*f**2 - 19*f - 35. Let l be q(-14). What is the highest common divisor of 140 and l?
35
Let j be 3 + (0 - 3) + -2. Let b = j + 2. Suppose b + 12 = y. What is the highest common factor of 72 and y?
12
Let u = -25168 + 25240. Let l be 12/((-1 - 1)/(-4)). Calculate the highest common factor of l and u.
24
Let q = -434 + 716. Calculate the highest common factor of 30 and q.
6
Suppose -29*m + 2772 = -8*m. What is the greatest common divisor of m and 880?
44
Let b = -295 + 343. What is the highest common divisor of b and 636?
12
Let x(d) = -d**2 + 10*d - 6. Let b be x(4). Let v be (25 - 5)/(-2) - -4. Let p be 4/v*3/(-1) + 43. Calculate the highest common factor of p and b.
9
Let x = -746 + 756. What is the greatest common divisor of x and 1960?
10
Suppose -3*k - r + 176 = 4*r, -60 = -k - 3*r. Let h = 75 - k. Calculate the highest common divisor of h and 30.
6
Let u be 76 + (-3 - (-20)/4). Let l = -21 + u. What is the highest common divisor of 19 and l?
19
Let c(h) = 7*h**2 + 15*h + 26. Let o be c(-8). Suppose 0 = 3*u - 5*x - 520, -2*u - 3*x = x - o. What is the greatest common factor of 25 and u?
25
Let j(a) = 54*a**2 - 2 - 53*a**2 + 14 + 10*a + 8. Let d be j(-8). Calculate the highest common factor of 28 and d.
4
Let f(q) = -q**2 + 4*q - 3. Let a be f(2). Suppose -10*k + 13*k = -153. Let b = 62 + k. What is the highest common factor of b and a?
1
Suppose 0 = k - 12 - 74. Suppose 8*q = 6*q + k. What is the highest common divisor of q and 215?
43
Let k(h) = h**2 - 12*h + 1. Let c be k(9). Let s be (-5)/10*c/1. Let y = -8 + s. What is the greatest common divisor of y and 25?
5
Suppose -51678 = -28*u - u. Calculate the highest common divisor of 22 and u.
22
Let h = -1626 + 2528. What is the highest common divisor of h and 82?
82
Let o be (-6)/3*1*-11. What is the highest common divisor of 44 and o?
22
Let k = -60 - -87. Let m be -1 + (2 - 4) + -27. Let q = 57 + m. Calculate the greatest common divisor of q and k.
27
Suppose 4*b - 135 + 67 = 0. What is the greatest common divisor of 119 and b?
17
Let z be 6615/196 - (-7)/(-4). What is the highest common divisor of z and 8?
8
Let p be 65/(-13) + (9 - 1). Calculate the greatest common factor of p and 13.
1
Let o be -6 - (-481)/78 - 419/(-6). What is the greatest common factor of o and 245?
35
Suppose 0 = -31*q + 22*q + 207. Calculate the greatest common divisor of q and 713.
23
Let a be 0 + 2 - (-6 - (10 - 13)). What is the highest common divisor of 5 and a?
5
Suppose -2*a + f = -2, -3*a + 5 + 20 = 4*f. Let u(q) = 3*q**2 - 6*q + 3. Let x be u(a). What is the greatest common factor of 18 and x?
6
Let b(h) = -h - 10. Let q be b(-8). Let p = q + 6. Let c = 132 + -116. Calculate the greatest common divisor of c and p.
4
Let m be 81/1*(-10 + 11). Let g be 3 - -5*(m/15 + -1). Calculate the greatest common divisor of 15 and g.
5
Let i be -1 + 5 + (-1 + -4 - -5). Suppose -5*r - 5*n + 1655 = 0, r - i*n - 1700 = -4*r. What is the greatest common divisor of 42 and r?
42
Let l be (-1)/(-3) - (-4991)/21. Calculate the highest common factor of l and 34.
34
Suppose -i + 3*o + 17 = -0*i, -4*i = -2*o - 28. Suppose -56 = j - i*j. Let y = 85 + j. What is the greatest common factor of y and 9?
9
Suppose 0 = 5*j - 4*d - 85, 0 = -5*j - d + 77 + 33. What is the greatest common divisor of 35 and j?
7
Suppose 16 - 26 = 7*a - 17. Suppose 4*r + 3*h + 2 = -0, -4*r = 2*h. What is the highest common factor of r and a?
1
Let o be -1 - (-45 - (3 - 8)). Calculate the greatest common factor of o and 377.
13
Let d = -25 + 47. Suppose -5*n - 5 = 0, 2*l - 2*n + 0*n - d = 0. Calculate the greatest common factor of 70 and l.
10
Let j(x) = 2*x - 14. Suppose r + 2*d - 22 = -7, -d = -1. Let y be r/4*(4 + 0). Let h be j(y). What is the highest common factor of 12 and h?
12
Let l(m) = -m**3 + 7*m**2 + 7*m - 1. Let i be l(4). Calculate the greatest common divisor of 240 and i.
15
Let q(h) = h**2 - 99*h - 300. Let g be q(-3). What is the highest common divisor of 150 and g?
6
Let p(x) = x**3 + 26*x**2 - 28*x + 26. Let j be p(-27). Let n = j + -18. Calculate the greatest common divisor of n and 7.
7
Let y = -1463 + 2103. Suppose -5*r = -8*p + 4*p - y, -p = 3*r - 401. Let d = 19 + -7. What is the greatest common divisor of r and d?
12
Let a = 261 + -256. Calculate the highest common factor of a and 135.
5
Let p be ((-34)/5 + 2)/((-2)/15). Let f(l) = 5*l + 40. Let u be f(10). Calculate the greatest common factor of p and u.
18
Let b = 17 + -6. Let z = 100 + -1. What is the highest common divisor of z and b?
11
Let q be 1/(-3) + (3 - (-300)/9). What is the highest common divisor of q and 20?
4
Suppose 5*w + 5*t - 9 = 41, -38 = -3*w + t. Suppose -4*n = -9*n + 5, -7 = -p - n. Calculate the greatest common divisor of w and p.
6
Suppose -5*x - 1188 = 7*x. Let j = -67 - x. What is the highest common factor of 4 and j?
4
Suppose 5*l = -s + 48, 77 = 4*s - 6*l + 3*l. Calculate the greatest common divisor of s and 943.
23
Suppose -2*r - 3*r = -105. Let k be (4/8)/((-1)/98). Let a = 70 + k. What is the greatest common divisor of a and r?
21
Let i(q) = -12*q + 5. Suppose 2*b = -3 + 19. Let s = -13 + b. Let v be i(s). Calculate the greatest common factor of 13 and v.
13
Let t(w) = 2*w**3 - 14*w + 28. Let f be t(2). Calculate the greatest common factor of 464 and f.
16
Let b(d) = 1. Let y(c) = 2*c - 18. Let h(f) = 10*b(f) + 2*y(f). Let s be h(11). Calculate the greatest common divisor of 198 and s.
18
Suppose -3*r - 34 = -58. Suppose w - r = -0*w. Let s(x) = 3*x - 1. Let q be s(7). Calculate the highest common divisor of w and q.
4
Let x(k) = 7*k**3 - 2*k**2 + 6*k - 4. Let w be x(2). Calculate the highest common factor of 14 and w.
14
Let g(h) = 2*h**3 + 22*h**2 - 25*h - 5. Let p be g(-12). Calculate the greatest common divisor of p and 329.
7
Let b(j) be the third derivative of 5*j**4/24 + 2*j**3 - 14*j**2. Let u be b(3). What is the greatest common factor of 9 and u?
9
Suppose -5*t = -4*y + 30, 5*y + 2*t - 22 = -1. Suppose 4*c - 5*l = 368, c + y = -3*l + 97. Calculate the greatest common divisor of 23 and c.
23
Suppose d = 2*w + 17, -5*d + 4*w = -w - 60. Let n = 1 + d. Calculate the highest common divisor of 20 and n.
4
Suppose -2*i = 3*i - 5. Suppose -2*v - 4*u = 3*v - 45, 3*v - 27 = 5*u. Calculate the highest common factor of i and v.
1
Suppose 2*g = 4*g - 110. Let h = g + -40. Calculate the greatest common factor of h and 90.
15
Let p = 1952 - 1340. What is the greatest common factor of p and 255?
51
Let g be ((-1)/(10/6))/((-62)/620). Suppose 0 = 2*z - 2*j - 76, 3*j = 5*z + 6*j - 222. Calculate the highest common divisor of z and g.
6
Let u be (-3)/1 - (-147)/(-9 + 16). Let q(w) = -w**3 - 4*w**2 - 7*w - 4. Let i be q(-4). Calculate the highest common divisor of i and u.
6
Let m = -316 + 225. Let g = m - -139. Let v be ((-1)/2)/((-2)/g). Calculate the highest common factor of 84 and v.
12
Let d be (28/(-5))/((-2)/(-10)). Let q be (-22)/(-2 + (-48)/d). Let p = -7 + 14. What is the greatest common divisor of p and q?
7
Let b(r) = -4*r**3 - 60*r**2 - 108*r - 22. Let v be b(-13). Let d = -133 - -373. Calculate the greatest common divisor of v and d.
30
Suppose 0 = -5*x + 5*r - 10*r + 95, 5*x + 3*r - 93 = 0. Let n be 3 + ((-42)/(-4))/(-1)*-2. What is the greatest common factor of n and x?
6
Let z(r) = 31 - 19 + 6*r + 6*r. Let b be z(11). Calculate the greatest common divisor of 24 and b.
24
Let l(i) = i**3 + 14*i**2 + 14*i + 13. Let g be l(-13). Suppose -4*o + g*o = -16. What is the greatest common factor of 36 and o?
4
Let z = -5694 + 8988. Calculate the greatest common factor of z and 54.
54
Let l(i) = 2*i**2 + 50*i + 130. Let c be l(-25). Calculate the highest common f